 b. What is the remainder when d(a) is divided by 24?
20
Let g = 65 - 42. Calculate the remainder when 1 - ((-728)/2)/2 is divided by g.
22
Suppose -2*h - 2 = -12. Suppose 2*b + 110 = 2*i - 0*i, h*i - 267 = 3*b. What is the remainder when i is divided by 13?
12
Calculate the remainder when 287 is divided by 9/(-6 + 306/48).
23
Let w(o) = 8*o - 5. Let t be w(-2). Calculate the remainder when 3/7 + (-1377)/t is divided by 21 - (1 + -2) - -1.
20
Let m = 15 - 13. Suppose m*l + 103 + 13 = 0. Let o = -31 - l. Calculate the remainder when 52 is divided by o.
25
Let j(s) = -3*s - 1. Let w be j(1). Let o be w/12 - (-50)/6. What is the remainder when 15 is divided by (o - -1)*(-2)/(-3)?
3
Suppose -5*n - 54 = -4*h, -3*n = 3*h - 10 - 17. Let i = 81 + -60. Calculate the remainder when i is divided by h.
10
Suppose -3 = -w + 8. Let g be -6*((-231)/(-18))/(-11). Let l = -3 + g. Calculate the remainder when w is divided by l.
3
Let y(q) = 9*q. Let l be y(-3). Let d(s) = s**3 - 9*s**2 + 9*s - 6. Let n be d(8). Calculate the remainder when l/2*(-4)/n is divided by 14.
13
Suppose 3*l + 3*z - 372 = 2*l, -5*l - 3*z = -1860. Let k = 8 - -1. Suppose -l = -k*q + 3*q. What is the remainder when q is divided by 16?
14
Suppose -3*c = 4*q - 95, 0 = 3*c + 13*q - 10*q - 99. Calculate the remainder when 106 is divided by c.
32
Calculate the remainder when (-136)/12*(-528)/32 is divided by 40.
27
Calculate the remainder when 24 is divided by 81/729 + (-188)/(-9).
3
Let r(t) = t**3 + 7*t**2 - 41*t - 231. Calculate the remainder when 573 is divided by r(-5).
21
Let d = -71 - -209. Let u = d + -98. Let w(z) = -22*z - 1. Calculate the remainder when u is divided by w(-1).
19
Let d be (-1 + 6)*(-36)/(-20). Let a = -4 + d. What is the remainder when 33 is divided by 42/a + 6/10?
6
Let o(z) = z + 7. Let s be o(-3). What is the remainder when 7/s*2*28 is divided by 21?
14
Suppose -v + 2*d + 38 = 0, -4*v - 3*d + 91 = -94. What is the remainder when v is divided by 32?
12
Let q be 16/(-4) - -4 - -1. Let f = q - -10. Let b = 42 + -21. What is the remainder when b is divided by f?
10
Suppose k + 3*k + 32 = 0. Let r(f) = 2*f**2 - 47*f + 19. Let o be r(23). Calculate the remainder when 12 is divided by 20/(o - k) - 1.
0
Let v = 2 + 19. Suppose -10 = -22*n + v*n. Calculate the remainder when n is divided by 4.
2
Let k = 413 - 327. Calculate the remainder when 152 is divided by k.
66
Calculate the remainder when (-3 + 848)*6/15 is divided by 34.
32
Suppose -2*s = 3*s + 4*j - 1530, -j + 1235 = 4*s. What is the remainder when s is divided by 26?
24
Suppose 2*y = 2, -2*m - 3*y = -6*m + 269. Suppose -4*f + 48 = -m. Let i(p) = p**2 + 4*p - 2. Calculate the remainder when f is divided by i(-6).
9
Suppose 41*f - 927 - 1410 = 0. Calculate the remainder when 104 is divided by f.
47
Let t = -308 - -343. Calculate the remainder when 100 is divided by t.
30
Suppose 2*f - f = 46. Suppose 22*v + 9 - 247 = 114. Calculate the remainder when f is divided by v.
14
Suppose 66 = -4*i + 546. Let y = i - 84. Calculate the remainder when 215 is divided by y.
35
Suppose 2*s - 50 = 2*n, s - 25*n + 22*n = 15. What is the remainder when s is divided by 11?
8
Suppose -5*d = -2*d + 75. Let q = -16 - d. Let i = q - 6. Calculate the remainder when i is divided by 2.
1
Let i(h) = -h**3 + 6*h**2 - 3*h - 4. Suppose -7*y = -12 - 16. What is the remainder when 93 is divided by i(y)?
13
Let i = -1548 - -1597. Calculate the remainder when 337 is divided by i.
43
Suppose -4*w - 6 = -o + 16, -2*o = -5*w - 44. Calculate the remainder when 82 is divided by o.
16
Let v = -360 + 555. Calculate the remainder when v is divided by 9.
6
What is the remainder when 132/308 - 148/(-14) is divided by (-1)/(-1 - 10/(-12))?
5
Suppose -34*s = -22*s - 3816. Calculate the remainder when s is divided by 117.
84
What is the remainder when 341 is divided by (-3)/(-1) + -10 + 30?
19
Suppose 43*o - 6*o = 74. Let m = 6 - 5. Calculate the remainder when (0/m)/(-1) + 2 is divided by o.
0
Let l = 8 - 2. Suppose -5*k - 6 = 24. What is the remainder when (-128)/k - 2/6 is divided by l?
3
Suppose 7*v - 8 = -4*o + 9*v, v + 3 = o. What is the remainder when 4 is divided by o?
0
Let n = 2 - -1. Suppose 1160 = 5*k + 1125. Calculate the remainder when k is divided by n.
1
Let x(w) = 34*w**2 + 6*w + 7. Let t(c) = -2*c**3 - 6*c**2 - c - 2. Calculate the remainder when t(-5) is divided by x(-1).
33
Suppose -255 - 130 = -5*s. Suppose -4*f + 51 + 57 = 0. Calculate the remainder when s is divided by f.
23
Let i = 1178 + -1115. Calculate the remainder when i is divided by 2.
1
Let c = 6 - 1. Suppose -4*x - c - 47 = -4*q, -32 = -4*q - x. Calculate the remainder when 51 is divided by q.
6
Let s = 84 + -50. Calculate the remainder when 49 is divided by s.
15
Suppose -4*i = 4*y - 278 + 34, 2*i + y = 122. Let q(n) be the second derivative of -n**3/3 - n**2 + 2*n. Calculate the remainder when i is divided by q(-9).
13
Let s = 252 - 392. Let x = -86 - s. Let j(b) = 29*b**2 - b. What is the remainder when x is divided by j(1)?
26
Let j(q) = q**3 - 8*q**2 + 11*q - 3. Let g be j(8). Let m = -87 - -44. Let b = m + g. What is the remainder when b is divided by 12?
6
Let s = -145 + 179. Calculate the remainder when 191 is divided by s.
21
Let n be ((-14)/49)/((-2)/14). Suppose 2*u = -5*g + 162, 44 = 3*g - n*u - 66. Suppose -g = -4*i + 10. What is the remainder when 41 is divided by i?
8
Let t = -1 - -1. Let a = -36 - -59. What is the remainder when (-14 - t)*(-26)/4 is divided by a?
22
Let q = 3 + 1. Let j = -1 + -11. Let i = j + 18. What is the remainder when i is divided by q?
2
Let r = 63 - 59. Suppose 3*x = r*l - 129 + 1, -2*l + 5*x = -64. Let v(b) = b**3 - 5*b**2 + 2*b + 2. What is the remainder when l is divided by v(5)?
8
Let o(m) = -m**3 - 32*m**2 - 29*m + 88. Calculate the remainder when 51 is divided by o(-31).
25
Suppose -69*n + 67*n = -5*x + 541, -5*n + 92 = x. What is the remainder when x is divided by 28?
23
Let x = -26 + 66. Let a = 83 + x. What is the remainder when a is divided by 31?
30
Suppose -13*f = 11*f - 19*f. Suppose 5*g - 6*d + 3*d - 220 = 0, -5*g + 2*d + 215 = f. What is the remainder when g is divided by 11?
8
Let f = -88 + 91. Suppose -5*o - 5*c = -0*o - 455, o + f*c = 83. Calculate the remainder when o is divided by 25.
20
Let k = -453 + 493. Calculate the remainder when k is divided by 23.
17
Let s(w) = 15 - 68*w**2 - 11*w - 69*w**2 + 136*w**2. What is the remainder when 224 is divided by s(-11)?
14
Suppose -164 = -3*s + x, 4*x + 0 - 4 = 0. Calculate the remainder when 176 is divided by s.
11
Suppose -3*w = -4*m, 0 = 4*m - 4*w - w. Suppose m = -6*d + 11*d - 20. What is the remainder when 32 - 4*d/8 is divided by 8?
6
Let a(x) = 15*x - 4*x - 4*x - 22. What is the remainder when a(5) is divided by 7?
6
Suppose 0*f = 27*f - 729. What is the remainder when f is divided by 19?
8
Let h = 130 - 248. Let g = h - -183. Suppose -4*u - 2*p - p + g = 0, -3*p - 19 = -2*u. Calculate the remainder when u is divided by 4.
2
Suppose 2*q + 3*m - 2 = 4*m, 0 = -q - 4*m - 8. Let n = 3 + q. Let b(f) = -2*f + 8. What is the remainder when 2 is divided by b(n)?
0
Let d(g) = 7*g + 41. Calculate the remainder when d(3) is divided by 33.
29
Suppose 4*y + 0*y = 112. Let u = y - 18. What is the remainder when 97 is divided by u?
7
Suppose 4*g = g - 4*d + 19, 5*g = -3*d + 28. Suppose -5*f + 6 = -54. What is the remainder when f is divided by g?
2
Suppose 25*q = -66 + 2166. Calculate the remainder when q is divided by 51.
33
Let i(m) = -3*m**3 - 3*m**2 - 3*m. Let p be i(-2). Suppose -5*j + 2*j - p = 0. What is the remainder when 51 is divided by (-77)/(-3) - 2/j?
25
Suppose 2*v = 5*n + 42, -4*v + n + 59 = v. Suppose 0 = -18*a + v*a + 924. Calculate the remainder when a is divided by 34.
30
Suppose 4*g + 9 = 3*g. Let s(h) = -h**2 + 4 - 4 - 13*h + 2. What is the remainder when s(g) is divided by 13?
12
Let x be -2 - -2 - (7 + -6 + -5). Suppose -3 = 2*g + p + 2*p, -4*g + 9 = 3*p. Let q = x + g. What is the remainder when 37 is divided by q?
7
Suppose 0 = -0*x + 4*x - 12. Let v = x + -5. What is the remainder when 16 is divided by (-6)/v + 6/2?
4
Let v be ((-3)/2)/((-15)/20). Let x(u) = 4*u - v*u + 5 - 3*u. Calculate the remainder when x(-10) is divided by 4.
3
Let j(b) = 6*b**2 - b